se
Is 31469 a composite number?
False
Is 251605 prime?
False
Is 9977 composite?
True
Is 8581 composite?
False
Is 3173 composite?
True
Is 9173 composite?
False
Is 14029 prime?
True
Is 5161129 composite?
False
Is 169615 prime?
False
Is 19121 composite?
False
Is 10259 a composite number?
False
Is 158299 prime?
False
Is 29833 a composite number?
False
Is 489781 prime?
False
Is 133483 prime?
False
Is 1921619 a composite number?
True
Is 77681 a composite number?
False
Is 3443 prime?
False
Is 17011 a composite number?
False
Is 286913 prime?
False
Is 6388189 a composite number?
False
Is 1155793 composite?
True
Is 8209 a prime number?
True
Is 4717 a composite number?
True
Is 72023 a prime number?
False
Is 8063 a composite number?
True
Is 808585 a prime number?
False
Is 29657 composite?
True
Is 110017 a composite number?
False
Is 10301 composite?
False
Is 602065 prime?
False
Is 75767 prime?
True
Is 39499 composite?
False
Is 6487 a prime number?
False
Is 5386 a prime number?
False
Is 2647 a composite number?
False
Is 304565 composite?
True
Is 4721 prime?
True
Is 385519 composite?
False
Is 907 composite?
False
Is 16319 prime?
True
Is 13463 composite?
False
Is 149 prime?
True
Is 5573813 a prime number?
False
Is 187 a composite number?
True
Is 377221 a prime number?
False
Is 4120457 prime?
False
Is 8663 composite?
False
Is 36139 composite?
True
Is 65677 composite?
False
Is 276559 prime?
False
Is 58147 composite?
False
Is 15595 composite?
True
Is 7311 a composite number?
True
Is 107119 a prime number?
True
Is 65239 a composite number?
False
Is 1639 a prime number?
False
Is 1819 a composite number?
True
Is 700907 composite?
False
Is 811011 a composite number?
True
Is 2435599 a composite number?
True
Is 376943 prime?
False
Is 10313 a prime number?
True
Is 126551 composite?
False
Is 71719 a composite number?
False
Is 1161727 prime?
False
Is 297487 composite?
False
Is 45751 composite?
False
Is 2153 a prime number?
True
Is 6163 a composite number?
False
Is 41539 a prime number?
True
Is 1649707 prime?
True
Is 604658 a composite number?
True
Is 2953 a prime number?
True
Is 167513 composite?
True
Is 7177 a prime number?
True
Is 82163 composite?
False
Is 10193 composite?
False
Is 95773 prime?
True
Is 37451 prime?
False
Is 12791 composite?
False
Is 83371 prime?
False
Is 14206 a prime number?
False
Is 64409 composite?
True
Is 100129 a composite number?
False
Is 2567 composite?
True
Is 1018805 prime?
False
Is 2378843 prime?
True
Is 11599 composite?
True
Is 24737 composite?
True
Is 103849 a composite number?
True
Is 1009 a composite number?
False
Is 52135 a prime number?
False
Is 3108981 composite?
True
Is 29779 composite?
True
Is 791 a composite number?
True
Is 678191 prime?
True
Is 204481 a prime number?
True
Is 193253 a composite number?
True
Is 684713 a composite number?
False
Is 11389 a prime number?
False
Is 472001 a prime number?
False
Is 22769 composite?
False
Is 15101 a composite number?
False
Is 4441 a composite number?
False
Is 8157 a composite number?
True
Is 247961 prime?
False
Is 4127 composite?
False
Is 495917 composite?
True
Is 473719 composite?
False
Is 456427 composite?
False
Is 46841 composite?
True
Is 140843 prime?
False
Is 17569 prime?
True
Is 231547 prime?
True
Is 34511 a composite number?
False
Is 1227473 a composite number?
True
Is 27731 a prime number?
False
Is 269499 a prime number?
False
Is 2957 prime?
True
Is 12001 a prime number?
False
Is 6347 composite?
True
Is 1583 a prime number?
True
Is 114259 prime?
True
Is 74491 a prime number?
False
Is 121763 composite?
False
Is 5917 a composite number?
True
Is 18461 prime?
True
Is 2054063 a composite number?
True
Is 2179 composite?
False
Is 247697 composite?
False
Is 934 composite?
True
Is 2767 prime?
True
Is 6982 a prime number?
False
Is 17461 prime?
False
Is 592923 a prime number?
False
Is 59693 a composite number?
False
Is 54251 a prime number?
True
Is 114547 a prime number?
True
Is 100141 composite?
True
Is 24241 composite?
True
Is 29383 composite?
False
Is 7151 composite?
False
Is 913139 a composite number?
False
Is 3831 prime?
False
Is 4241 prime?
True
Is 188629 prime?
False
Is 24729 a prime number?
False
Is 249089 a composite number?
False
Is 8803 a composite number?
False
Is 61001 a prime number?
True
Is 102965 composite?
True
Is 3019 a composite number?
False
Is 33119 composite?
False
Is 4267 composite?
True
Is 326317 prime?
False
Is 434491 a composite number?
True
Is 14029 a prime number?
True
Is 65986 prime?
False
Is 1597 prime?
True
Is 7039 composite?
False
Is 131 prime?
True
Is 289937 prime?
True
Is 102161 prime?
True
Is 796031 composite?
True
Is 1618879 prime?
False
Is 5219 composite?
True
Is 34421 composite?
False
Is 27359 composite?
True
Is 444729 a composite number?
True
Is 4743119 a prime number?
False
Is 1263539 prime?
True
Is 13147 prime?
True
Is 9041 a prime number?
True
Is 10081 composite?
True
Is 118129 composite?
True
Is 277297 a composite number?
False
Is 50033 prime?
True
Is 89363 a prime number?
True
Is 4083 a prime number?
False
Is 35879 prime?
True
Is 5953 a composite number?
False
Is 217387 a prime number?
True
Is 62417 a composite number?
False
Is 4837 prime?
False
Is 127529 a prime number?
True
Is 7321 a prime number?
True
Is 58657 a composite number?
False
Is 16409 prime?
False
Is 14491 a prime number?
False
Is 8057 prime?
False
Is 372209 a composite number?
True
Is 1115 composite?
True
Is 67063 prime?
False
Is 8923 composite?
False
Is 137633 prime?
True
Is 1059637 composite?
False
Is 52489 prime?
True
Is 484618 a prime number?
False
Is 537079 composite?
False
Is 4699 composite?
True
Is 499 a composite number?
False
Is 31039 a prime number?
True
Is 391283 composite?
False
Is 7613 prime?
False
Is 2134283 a composite number?
False
Is 617917 a composite number?
False
Is 89867 a prime number?
True
Is 1358737 a prime number?
False
Is 61511 prime?
True
Is 388459 composite?
False
Is 202357 prime?
True
Is 185053 a prime number?
False
Is 71731 composite?
True
Is 420731 prime?
True
Is 75011 prime?
True
Is 19259 prime?
True
Is 208489 a composite number?
False
Is 536521 composite?
True
Is 5854 prime?
False
Is 422014 a composite number?
True
Is 44231 prime?
False
Is 11441 a prime number?
False
Is 11665 composite?
True
Is 27719 a prime number?
False
Is 86027 a composite number?
False
Is 230509 composite?
True
Is 13 composite?
False
Is 6731 a composite number?
True
Is 1825963 composite?
False
Is 1305301 prime?
True
Is 147887 prime?
False
Is 317893 composite?
True
Is 39361 composite?
True
Is 9667 prime?
False
Is 303113 a composite number?
True
Is 13646 composite?
True
Is 113241 a composite number?
True
Is 84377 a prime number?
True
Is 107659 a prime number?
False
Is 1183467 a composite number?
True
Is 67339 a composite number?
False
Is 7103 prime?
True
Is 3037 a prime number?
True
Is 1004889 prime?
False
Is 16603 composite?
False
Is 85431 a prime number?
False
Is 33107 a composite number?
False
Is 91651 a prime number?
False
Is 8121 prime?
False
Is 1998157 composite?
True
Is 16143 a composite number?
True
Is 10405 a composite number?
True
Is 1244851 a composite number?
True
Is 66829 a composite number?
True
Is 95785 a composite number?
True
Is 31747 a prime number?
False
Is 2119 a prime number?
False
Is 1637 composite?
False
Is 37717 a composite number?
False
Is 1203731 a prime number?
True
Is 21079 a prime number?
False
Is 1047881 prime?
True
Is 69907 a composite number?
True
Is 94747 a prime number?
True
Is 3371947 composite?
False
Is 30421 a composite number?
True
Is 42151 a prime number?
False
Is 369539 composite?
False
Is 49451 a composite number?
False
Is 174355 a prime number?
False
Is 12841 a prime number?
True
Is 190507 a composite number?
False
Is 11719 a prime number?
True
Is 1511 prime?
True
Is 12898 prime?
False
Is 11099 a prime number?
False
Is 35303 a prime number?
False
Is 952481 composite?
False
Is 1393577 prime?
True
Is 142801 a composite number?
True
Is 327293 composite?
True
Is 824977 a composite number?
False
Is 408761 a prime number?
False
Is 13669 prime?
True
Is 1050127 a prime number?
False
Is 248939 prime?
False
Is 15493 composite?
False
Is 1385401 prime?
True
Is 12227 a prime number?
True
Is 3967 prime?
True
Is 91801 composite?
False
Is 1396658 a composi